 232 is divided by 79?
74
What is the remainder when 243 is divided by 49?
47
Calculate the remainder when 353 is divided by 83.
21
Calculate the remainder when 298 is divided by 15.
13
Calculate the remainder when 2983 is divided by 994.
1
What is the remainder when 203 is divided by 90?
23
Calculate the remainder when 137 is divided by 75.
62
What is the remainder when 25450 is divided by 36?
34
Calculate the remainder when 2042 is divided by 14.
12
Calculate the remainder when 214 is divided by 7.
4
What is the remainder when 1208 is divided by 121?
119
Calculate the remainder when 198 is divided by 74.
50
Calculate the remainder when 1331 is divided by 323.
39
Calculate the remainder when 255 is divided by 32.
31
Calculate the remainder when 222 is divided by 9.
6
Calculate the remainder when 1388 is divided by 13.
10
Calculate the remainder when 207 is divided by 35.
32
What is the remainder when 134 is divided by 30?
14
Calculate the remainder when 647 is divided by 109.
102
What is the remainder when 128 is divided by 10?
8
Calculate the remainder when 359 is divided by 44.
7
What is the remainder when 72 is divided by 21?
9
Calculate the remainder when 415 is divided by 10.
5
Calculate the remainder when 38 is divided by 18.
2
Calculate the remainder when 40 is divided by 22.
18
What is the remainder when 1007 is divided by 28?
27
Calculate the remainder when 507 is divided by 121.
23
Calculate the remainder when 296 is divided by 95.
11
Calculate the remainder when 1319 is divided by 55.
54
What is the remainder when 978 is divided by 7?
5
Calculate the remainder when 3729 is divided by 91.
89
What is the remainder when 828 is divided by 14?
2
What is the remainder when 357 is divided by 199?
158
What is the remainder when 3230 is divided by 53?
50
Calculate the remainder when 196 is divided by 115.
81
Calculate the remainder when 67 is divided by 35.
32
What is the remainder when 345 is divided by 112?
9
What is the remainder when 651 is divided by 50?
1
Calculate the remainder when 1137 is divided by 30.
27
Calculate the remainder when 44 is divided by 30.
14
What is the remainder when 958 is divided by 39?
22
What is the remainder when 3692 is divided by 38?
6
What is the remainder when 3229 is divided by 33?
28
What is the remainder when 211 is divided by 95?
21
Calculate the remainder when 30 is divided by 14.
2
What is the remainder when 134 is divided by 17?
15
Calculate the remainder when 313 is divided by 79.
76
What is the remainder when 742 is divided by 83?
78
What is the remainder when 1216 is divided by 15?
1
What is the remainder when 266 is divided by 110?
46
Calculate the remainder when 71 is divided by 62.
9
Calculate the remainder when 137 is divided by 8.
1
Calculate the remainder when 162 is divided by 11.
8
What is the remainder when 300 is divided by 15?
0
What is the remainder when 130 is divided by 91?
39
What is the remainder when 194 is divided by 39?
38
Calculate the remainder when 79 is divided by 19.
3
Calculate the remainder when 2637 is divided by 868.
33
What is the remainder when 133 is divided by 8?
5
Calculate the remainder when 161 is divided by 62.
37
What is the remainder when 189 is divided by 13?
7
What is the remainder when 82 is divided by 61?
21
Calculate the remainder when 76 is divided by 26.
24
Calculate the remainder when 1559 is divided by 297.
74
Calculate the remainder when 1258 is divided by 45.
43
Calculate the remainder when 375 is divided by 48.
39
What is the remainder when 1471 is divided by 62?
45
Calculate the remainder when 411 is divided by 59.
57
Calculate the remainder when 1470 is divided by 389.
303
Calculate the remainder when 30 is divided by 23.
7
What is the remainder when 53 is divided by 19?
15
Calculate the remainder when 251 is divided by 90.
71
Calculate the remainder when 64 is divided by 32.
0
What is the remainder when 1038 is divided by 18?
12
What is the remainder when 9270 is divided by 19?
17
What is the remainder when 1350 is divided by 450?
0
What is the remainder when 82 is divided by 12?
10
Calculate the remainder when 5503 is divided by 686.
15
What is the remainder when 1535 is divided by 32?
31
Calculate the remainder when 32 is divided by 21.
11
Calculate the remainder when 9196 is divided by 73.
71
Calculate the remainder when 109 is divided by 49.
11
Calculate the remainder when 272 is divided by 126.
20
Calculate the remainder when 807 is divided by 16.
7
Calculate the remainder when 1003 is divided by 24.
19
What is the remainder when 219 is divided by 32?
27
What is the remainder when 2928 is divided by 32?
16
What is the remainder when 610 is divided by 188?
46
Calculate the remainder when 31 is divided by 7.
3
Calculate the remainder when 694 is divided by 19.
10
What is the remainder when 157 is divided by 32?
29
Calculate the remainder when 479 is divided by 13.
11
Calculate the remainder when 7297 is divided by 20.
17
Calculate the remainder when 33 is divided by 13.
7
Calculate the remainder when 11 is divided by 10.
1
What is the remainder when 122 is divided by 21?
17
Calculate the remainder when 276 is divided by 157.
119
Calculate the remainder when 38 is divided by 20.
18
What is the remainder when 381 is divided by 95?
1
What is the remainder when 30 is divided by 3?
0
What is the remainder when 282 is divided by 17?
10
Calculate the remainder when 762 is divided by 15.
12
Calculate the remainder when 3877 is divided by 646.
1
Calculate the remainder when 206 is divided by 106.
100
What is the remainder when 11339 is divided by 324?
323
What is the remainder when 351 is divided by 27?
0
What is the remainder when 225 is divided by 57?
54
What is the remainder when 761 is divided by 51?
47
Calculate the remainder when 3760 is divided by 208.
16
Calculate the remainder when 1582 is divided by 113.
0
What is the remainder when 907 is divided by 226?
3
What is the remainder when 380 is divided by 304?
76
What is the remainder when 16 is divided by 11?
5
What is the remainder when 3419 is divided by 341?
9
Calculate the remainder when 37 is divided by 29.
8
Calculate the remainder when 108 is divided by 20.
8
What is the remainder when 303 is divided by 46?
27
What is the remainder when 130 is divided by 106?
24
What is the remainder when 648 is divided by 53?
12
Calculate the remainder when 470 is divided by 230.
10
Calculate the remainder when 689 is divided by 206.
71
Calculate the remainder when 1006 is divided by 84.
82
What is the remainder when 26 is divided by 14?
12
What is the remainder when 483 is divided by 22?
21
What is the remainder when 5794 is divided by 12?
10
Calculate the remainder when 140 is divided by 45.
5
What is the remainder when 3280 is divided by 156?
4
Calculate the remainder when 542 is divided by 21.
17
What is the remainder when 56 is divided by 53?
3
What is the remainder when 1338 is divided by 331?
14
Calculate the remainder when 1612 is divided by 11.
6
What is the remainder when 12695 is divided by 46?
45
What is the remainder when 87 is divided by 3?
0
What is the remainder when 616 is divided by 76?
8
Calculate the remainder when 619 is divided by 27.
25
Calculate the remainder when 40350 is divided by 194.
192
Calculate the remainder when 3335 is divided by 829.
19
What is the remainder when 2542 is divided by 361?
15
What is the remainder when 8123 is divided by 34?
31
Calculate the remainder when 331 is divided by 326.
5
Calculate the remainder when 268 is divided by 56.
44
Calculate the remainder when 300 is divided by 64.
44
What is the remainder when 640 is divided by 40?
0
Calculate the remainder when 650 is divided by 50.
0
Calculate the remainder when 835 is divided by 3.
1
Calculate the remainder when 293 is divided by 93.
14
What is the remainder when 393 is divided by 43?
6
Calculate the remainder when 146 is divided by 7.
6
Calculate the remainder when 80 is divided by 52.
28
What is the remainder when 448 is divided by 38?
30
Calculate the remainder when 459 is divided by 42.
39
Calculate the remainder when 3043 is divided by 37.
9
Calculate the remainder when 1275 is divided by 9.
6
What is the remainder when 98 is divided by 13?
7
Calculate the remainder when 374 is divided b